{"id":27,"date":"2021-01-30T15:36:59","date_gmt":"2021-01-30T14:36:59","guid":{"rendered":"http:\/\/www.latricherie.fr\/?page_id=27"},"modified":"2021-02-09T11:28:48","modified_gmt":"2021-02-09T10:28:48","slug":"la-prestation","status":"publish","type":"page","link":"https:\/\/www.latricherie.fr\/index.php\/la-prestation\/","title":{"rendered":"&#8230; G\u00eete et maison d&rsquo;h\u00f4tes"},"content":{"rendered":"\n<p style=\"font-size:19px\"><em>Un lieu <span style=\"color:#faac58\" class=\"has-inline-color\">calme<\/span>, <span style=\"color:#faac58\" class=\"has-inline-color\">chaleureux <\/span><span class=\"has-inline-color has-white-color\">et<\/span><span class=\"has-inline-color has-black-color\"> <\/span><span style=\"color:#faac58\" class=\"has-inline-color\">authentique<\/span><strong><span style=\"color:#faac58\" class=\"has-inline-color\"> <\/span><\/strong>pour visiter le Gers et vous ressourcer. <\/em><\/p>\n\n\n\n<p style=\"font-size:19px\"><em>Un lieu de <span style=\"color:#faac58\" class=\"has-inline-color\">d\u00e9tente <\/span> et <span class=\"has-inline-color has-white-color\">de <\/span><span style=\"color:#faac58\" class=\"has-inline-color\">charme <\/span>pour une personne seule, un couple, un groupe.<\/em><\/p>\n\n\n\n<p style=\"font-size:19px\"><em>Un lieu de <span style=\"color:#faac58\" class=\"has-inline-color\">r\u00e9union familiale, amicale ou professionnelle<\/span>.<\/em><\/p>\n\n\n\n<p style=\"font-size:19px\"><em>Un lieu pour les amateurs de <span style=\"color:#faac58\" class=\"has-inline-color\">patrimoine<\/span>, de randonn\u00e9es, de bonne cuisine,&#8230;<\/em><\/p>\n\n\n\n<p style=\"font-size:19px\"><em>Vous souhaitez vous rassembler pour un ou plusieurs jours dans un cadre <span style=\"color:#faac58\" class=\"has-inline-color\">convivial<\/span>. Nous vous accueillons en petit groupe &#8211; maximum 12 personnes &#8211; et organisons votre s\u00e9jour chez nous <span style=\"color:#faac58\" class=\"has-inline-color\">selon vos go\u00fbts et pour votre plaisir.<\/span> En tant que maison d&rsquo;h\u00f4tes nous pr\u00e9parons avec vous les repas et les animations.<\/em><\/p>\n","protected":false},"excerpt":{"rendered":"<p>Un lieu calme, chaleureux et authentique pour visiter le Gers et vous ressourcer. Un lieu de d\u00e9tente et de charme pour une personne seule, un couple, un groupe. Un lieu de r\u00e9union familiale, amicale ou professionnelle. Un lieu pour les amateurs de patrimoine, de randonn\u00e9es, de bonne cuisine,&#8230; Vous souhaitez vous rassembler pour un ou &hellip; <\/p>\n<p class=\"link-more\"><a href=\"https:\/\/www.latricherie.fr\/index.php\/la-prestation\/\" class=\"more-link\">Continuer la lecture<span class=\"screen-reader-text\"> de &laquo;&nbsp;&#8230; G\u00eete et maison d&rsquo;h\u00f4tes&nbsp;&raquo;<\/span><\/a><\/p>\n","protected":false},"author":1,"featured_media":28,"parent":0,"menu_order":0,"comment_status":"closed","ping_status":"closed","template":"","meta":[],"_links":{"self":[{"href":"https:\/\/www.latricherie.fr\/index.php\/wp-json\/wp\/v2\/pages\/27"}],"collection":[{"href":"https:\/\/www.latricherie.fr\/index.php\/wp-json\/wp\/v2\/pages"}],"about":[{"href":"https:\/\/www.latricherie.fr\/index.php\/wp-json\/wp\/v2\/types\/page"}],"author":[{"embeddable":true,"href":"https:\/\/www.latricherie.fr\/index.php\/wp-json\/wp\/v2\/users\/1"}],"replies":[{"embeddable":true,"href":"https:\/\/www.latricherie.fr\/index.php\/wp-json\/wp\/v2\/comments?post=27"}],"version-history":[{"count":20,"href":"https:\/\/www.latricherie.fr\/index.php\/wp-json\/wp\/v2\/pages\/27\/revisions"}],"predecessor-version":[{"id":253,"href":"https:\/\/www.latricherie.fr\/index.php\/wp-json\/wp\/v2\/pages\/27\/revisions\/253"}],"wp:featuredmedia":[{"embeddable":true,"href":"https:\/\/www.latricherie.fr\/index.php\/wp-json\/wp\/v2\/media\/28"}],"wp:attachment":[{"href":"https:\/\/www.latricherie.fr\/index.php\/wp-json\/wp\/v2\/media?parent=27"}],"curies":[{"name":"wp","href":"https:\/\/api.w.org\/{rel}","templated":true}]}}